{"id":69,"date":"2023-02-08T08:07:47","date_gmt":"2023-02-08T08:07:47","guid":{"rendered":"https:\/\/femmestetica.pl\/?page_id=69"},"modified":"2023-02-08T15:39:30","modified_gmt":"2023-02-08T15:39:30","slug":"o-nas-2","status":"publish","type":"page","link":"https:\/\/femmestetica.pl\/","title":{"rendered":"O nas"},"content":{"rendered":"\n<p>Nazywam si\u0119 Radek Jadczak, jestem doktorem nauk medycznych i specjalist\u0105 medycyny przeciwstarzeniowej oraz certyfikowanym lekarzem medycyny estetycznej.<\/p>\n\n\n\n<p class=\"has-text-align-left\"> Studia medyczne sko\u0144czy\u0142em na Akademii Medycznej we Wroc\u0142awiu. Nast\u0119pnie na licznych kursach i szko\u0142ach podyplomowych medycyny estetycznej w Polsce, a tak\u017ce za granic\u0105 pog\u0142\u0119bia\u0142em swoj\u0105 wiedz\u0119 oraz umiej\u0119tno\u015bci. W 2006 roku sko\u0144czy\u0142em studia podyplomowe w zakresie ochrony zdrowia na Akademii im. L. Ko\u017ami\u0144skiego i uzyska\u0142em tytu\u0142 MBA. Ponadto od wielu lat szkol\u0119 si\u0119 w zakresie oceny dermatoskopowej znamion barwnikowych przy Narodowym Instytucie Onkologii w Warszawie, gdzie w 2022 roku obroni\u0142em prac\u0119 doktorsk\u0105 z zakresu onkologii geriatrycznej.<\/p>\n\n\n\n<p>Zdrowie oraz pi\u0119kno sk\u00f3ry moich pacjent\u00f3w stanowi dla mnie priorytet, dlatego stale rozwijam swoje umiej\u0119tno\u015bci oraz \u015bledz\u0119 najnowsze trendy w bran\u017cy, aby zapewni\u0107 najlepsze i najnowocze\u015bniejsze metody leczenia. W swojej praktyce wykorzystuj\u0119 najwy\u017cszej jako\u015bci preparaty, kt\u00f3rych skuteczno\u015b\u0107 zosta\u0142a potwierdzona poprzez do\u015bwiadczenie oraz liczne badania naukowe.<\/p>\n\n\n\n<p>Medycyna estetyczna wraz ze wszystkimi zabiegami wpisuje si\u0119 w szersze poj\u0119cie medycyny przeciwstarzeniowej wraz z chirurgi\u0105 plastyczn\u0105, endokrynologi\u0105 czy zabiegami kosmetologicznymi. Po\u015bwi\u0119cam 100% uwagi na holistyczne podej\u015bcie do potrzeb i oczekiwa\u0144 ka\u017cdego pacjenta, zapewniaj\u0105c najodpowiedniejsze rozwi\u0105zanie. Prowadz\u0105c konsultacj\u0119 z pacjentem, staram si\u0119 zawsze dobra\u0107 ca\u0142o\u015bciowy plan leczenia, wykorzystuj\u0119 szereg narz\u0119dzi do diagnozy i doboru spersonalizowanej terapii dla ka\u017cdego pacjenta.<\/p>\n","protected":false},"excerpt":{"rendered":"<p>Nazywam si\u0119 Radek Jadczak, jestem doktorem nauk medycznych i specjalist\u0105 medycyny przeciwstarzeniowej oraz certyfikowanym lekarzem medycyny estetycznej. Studia medyczne sko\u0144czy\u0142em na Akademii Medycznej we Wroc\u0142awiu. Nast\u0119pnie na licznych kursach i szko\u0142ach podyplomowych medycyny estetycznej w Polsce, a tak\u017ce za granic\u0105 pog\u0142\u0119bia\u0142em swoj\u0105 wiedz\u0119 oraz umiej\u0119tno\u015bci. W 2006 roku sko\u0144czy\u0142em studia [&hellip;]<\/p>\n","protected":false},"author":1,"featured_media":0,"parent":0,"menu_order":0,"comment_status":"closed","ping_status":"closed","template":"","meta":{"footnotes":""},"class_list":["post-69","page","type-page","status-publish","hentry"],"_links":{"self":[{"href":"https:\/\/femmestetica.pl\/index.php?rest_route=\/wp\/v2\/pages\/69","targetHints":{"allow":["GET"]}}],"collection":[{"href":"https:\/\/femmestetica.pl\/index.php?rest_route=\/wp\/v2\/pages"}],"about":[{"href":"https:\/\/femmestetica.pl\/index.php?rest_route=\/wp\/v2\/types\/page"}],"author":[{"embeddable":true,"href":"https:\/\/femmestetica.pl\/index.php?rest_route=\/wp\/v2\/users\/1"}],"replies":[{"embeddable":true,"href":"https:\/\/femmestetica.pl\/index.php?rest_route=%2Fwp%2Fv2%2Fcomments&post=69"}],"version-history":[{"count":6,"href":"https:\/\/femmestetica.pl\/index.php?rest_route=\/wp\/v2\/pages\/69\/revisions"}],"predecessor-version":[{"id":196,"href":"https:\/\/femmestetica.pl\/index.php?rest_route=\/wp\/v2\/pages\/69\/revisions\/196"}],"wp:attachment":[{"href":"https:\/\/femmestetica.pl\/index.php?rest_route=%2Fwp%2Fv2%2Fmedia&parent=69"}],"curies":[{"name":"wp","href":"https:\/\/api.w.org\/{rel}","templated":true}]}}