{"id":70,"date":"2023-02-08T08:07:47","date_gmt":"2023-02-08T08:07:47","guid":{"rendered":"https:\/\/femmestetica.pl\/?page_id=70"},"modified":"2023-02-08T10:51:48","modified_gmt":"2023-02-08T10:51:48","slug":"kontakt","status":"publish","type":"page","link":"https:\/\/femmestetica.pl\/?page_id=70","title":{"rendered":"Kontakt"},"content":{"rendered":"\n<p class=\"has-text-align-center\">Zapraszam do rejestracji telefonicznej <\/p>\n\n\n\n<p class=\"has-text-align-center\"><strong>+48 664 019 546<\/strong><\/p>\n\n\n\n<p class=\"has-text-align-center\">Gabinet mie\u015bci si\u0119 w Radoniach ko\u0142o Grodziska Mazowieckiego<\/p>\n","protected":false},"excerpt":{"rendered":"<p>Zapraszam do rejestracji telefonicznej +48 664 019 546 Gabinet mie\u015bci si\u0119 w Radoniach ko\u0142o Grodziska Mazowieckiego<\/p>\n","protected":false},"author":1,"featured_media":0,"parent":0,"menu_order":0,"comment_status":"closed","ping_status":"closed","template":"","meta":{"footnotes":""},"class_list":["post-70","page","type-page","status-publish","hentry"],"_links":{"self":[{"href":"https:\/\/femmestetica.pl\/index.php?rest_route=\/wp\/v2\/pages\/70","targetHints":{"allow":["GET"]}}],"collection":[{"href":"https:\/\/femmestetica.pl\/index.php?rest_route=\/wp\/v2\/pages"}],"about":[{"href":"https:\/\/femmestetica.pl\/index.php?rest_route=\/wp\/v2\/types\/page"}],"author":[{"embeddable":true,"href":"https:\/\/femmestetica.pl\/index.php?rest_route=\/wp\/v2\/users\/1"}],"replies":[{"embeddable":true,"href":"https:\/\/femmestetica.pl\/index.php?rest_route=%2Fwp%2Fv2%2Fcomments&post=70"}],"version-history":[{"count":6,"href":"https:\/\/femmestetica.pl\/index.php?rest_route=\/wp\/v2\/pages\/70\/revisions"}],"predecessor-version":[{"id":180,"href":"https:\/\/femmestetica.pl\/index.php?rest_route=\/wp\/v2\/pages\/70\/revisions\/180"}],"wp:attachment":[{"href":"https:\/\/femmestetica.pl\/index.php?rest_route=%2Fwp%2Fv2%2Fmedia&parent=70"}],"curies":[{"name":"wp","href":"https:\/\/api.w.org\/{rel}","templated":true}]}}